{"id":15,"date":"2020-09-22T08:57:27","date_gmt":"2020-09-22T08:57:27","guid":{"rendered":"http:\/\/www.bpa.nu\/?page_id=15"},"modified":"2020-09-22T08:57:27","modified_gmt":"2020-09-22T08:57:27","slug":"kontaktsida","status":"publish","type":"page","link":"https:\/\/www.bpa.nu\/?page_id=15","title":{"rendered":"Kontaktsida"},"content":{"rendered":"\n<p>Vill du f\u00e5 med ditt spel h\u00e4r eller vill tipsa om n\u00e5got? Obs ej f\u00f6rs\u00e4ljning. Kontakta mig i s\u00e5na fall p\u00e5 mail admin (a) bpa.nu<\/p>\n","protected":false},"excerpt":{"rendered":"<p>Vill du f\u00e5 med ditt spel h\u00e4r eller vill tipsa om n\u00e5got? Obs ej f\u00f6rs\u00e4ljning. Kontakta mig i s\u00e5na fall p\u00e5 mail admin (a) bpa.nu<\/p>\n","protected":false},"author":1,"featured_media":0,"parent":0,"menu_order":0,"comment_status":"closed","ping_status":"closed","template":"","meta":[],"_links":{"self":[{"href":"https:\/\/www.bpa.nu\/index.php?rest_route=\/wp\/v2\/pages\/15"}],"collection":[{"href":"https:\/\/www.bpa.nu\/index.php?rest_route=\/wp\/v2\/pages"}],"about":[{"href":"https:\/\/www.bpa.nu\/index.php?rest_route=\/wp\/v2\/types\/page"}],"author":[{"embeddable":true,"href":"https:\/\/www.bpa.nu\/index.php?rest_route=\/wp\/v2\/users\/1"}],"replies":[{"embeddable":true,"href":"https:\/\/www.bpa.nu\/index.php?rest_route=%2Fwp%2Fv2%2Fcomments&post=15"}],"version-history":[{"count":1,"href":"https:\/\/www.bpa.nu\/index.php?rest_route=\/wp\/v2\/pages\/15\/revisions"}],"predecessor-version":[{"id":16,"href":"https:\/\/www.bpa.nu\/index.php?rest_route=\/wp\/v2\/pages\/15\/revisions\/16"}],"wp:attachment":[{"href":"https:\/\/www.bpa.nu\/index.php?rest_route=%2Fwp%2Fv2%2Fmedia&parent=15"}],"curies":[{"name":"wp","href":"https:\/\/api.w.org\/{rel}","templated":true}]}}